se
Is 368461487 a composite number?
False
Is 3971446741 composite?
False
Is 2784037673 prime?
True
Is 91096566649 composite?
True
Is 3176169913 prime?
False
Is 7105943977 a prime number?
False
Is 13975454291 composite?
False
Is 13047031187 prime?
True
Is 420209239 a composite number?
False
Is 86685613159 a prime number?
False
Is 4900379611 a composite number?
True
Is 868930597 a prime number?
True
Is 10721937147 a composite number?
True
Is 26424545891 a composite number?
False
Is 19851515363 a prime number?
True
Is 17134909091 a prime number?
False
Is 10694290907 a composite number?
False
Is 17455834327 composite?
False
Is 489054697 a prime number?
False
Is 3550623629 a prime number?
False
Is 24638099117 a composite number?
False
Is 9130306377 a prime number?
False
Is 1094475241 a prime number?
False
Is 16560501131 a prime number?
False
Is 150875027 a composite number?
False
Is 66432029857 prime?
False
Is 2024195417 composite?
False
Is 901022621 a composite number?
True
Is 130839773 composite?
False
Is 77293759 a composite number?
False
Is 9808725998 composite?
True
Is 4128892091 prime?
True
Is 2917495577 a composite number?
True
Is 12548707219 prime?
False
Is 1150971719 prime?
False
Is 296928763 prime?
False
Is 110217647 a composite number?
True
Is 493316869 composite?
False
Is 52278389843 a prime number?
False
Is 1465490809 a prime number?
True
Is 6956581367 composite?
False
Is 95174765333 composite?
False
Is 45702588887 a prime number?
True
Is 20114333 composite?
True
Is 1723903141 composite?
False
Is 8054705237 composite?
True
Is 8695457 a prime number?
True
Is 23456497049 a composite number?
False
Is 1067683471 prime?
True
Is 2238141641 a prime number?
True
Is 161474039 a prime number?
True
Is 407234797 a prime number?
False
Is 1365613033 a composite number?
True
Is 473985983 prime?
False
Is 8415078419 a composite number?
True
Is 426799817 a composite number?
False
Is 10997731423 a composite number?
True
Is 2180257319 a composite number?
True
Is 3215242253 a prime number?
True
Is 27230947169 composite?
True
Is 446596967 a composite number?
False
Is 17103543907 prime?
True
Is 2171413963 a prime number?
True
Is 23752484761 prime?
True
Is 22724817077 composite?
False
Is 27602012639 prime?
False
Is 40770436141 prime?
True
Is 3824432377 prime?
False
Is 13024966699 prime?
False
Is 21014971 a composite number?
True
Is 2032512233 a prime number?
True
Is 68045596757 a composite number?
False
Is 36642604571 composite?
True
Is 393317805383 a prime number?
True
Is 4970464117 a composite number?
True
Is 672124799 composite?
True
Is 9163879897 composite?
False
Is 11177323009 a composite number?
False
Is 22989954721 a composite number?
True
Is 8278983541 a prime number?
True
Is 37428655847 composite?
True
Is 1395085273 prime?
True
Is 281656807 a composite number?
False
Is 10297337051 composite?
True
Is 4645531253 a prime number?
False
Is 600980459 composite?
False
Is 15110462011 a prime number?
True
Is 228535698397 a prime number?
True
Is 280390501 a composite number?
True
Is 36164924051 composite?
False
Is 50564243501 composite?
True
Is 3350990389 a prime number?
False
Is 1103485153 a prime number?
False
Is 10511938093 composite?
False
Is 4013340689 composite?
False
Is 12631752313 prime?
True
Is 18665837761 prime?
False
Is 36784529 prime?
False
Is 45277644529 prime?
False
Is 4255314359 a composite number?
False
Is 867011791 prime?
True
Is 2924102023 a prime number?
True
Is 281481437267 composite?
False
Is 9908002817 a prime number?
True
Is 2215893569 a composite number?
True
Is 248855765963 a prime number?
False
Is 477646766 composite?
True
Is 178068029 a composite number?
False
Is 7063379035 composite?
True
Is 3388572623 a composite number?
False
Is 3654918019 a prime number?
True
Is 72318281153 a prime number?
True
Is 17351742059 a composite number?
True
Is 296079866 a prime number?
False
Is 2827405117 a prime number?
True
Is 324528751981 a composite number?
True
Is 1861343255 a composite number?
True
Is 3383867351 a prime number?
False
Is 45311676247 composite?
True
Is 43275461683 prime?
True
Is 6581770667 composite?
False
Is 8811405137 a composite number?
True
Is 1568532361 prime?
False
Is 16829657591 a composite number?
True
Is 38528961353 composite?
False
Is 57314863 composite?
False
Is 12167102091 a composite number?
True
Is 295003511689 a composite number?
True
Is 4772400947 a prime number?
False
Is 1518104657 prime?
False
Is 14057167141 composite?
True
Is 47815153499 a composite number?
False
Is 189450047 a prime number?
True
Is 1131647873 a prime number?
True
Is 103885498109 prime?
False
Is 366365941 composite?
False
Is 258437021 a composite number?
False
Is 3770566157 composite?
True
Is 127597783 a composite number?
False
Is 8506678423 a composite number?
True
Is 37001795321 a composite number?
False
Is 1304748869 prime?
True
Is 2506451693 composite?
False
Is 871310359 composite?
False
Is 5425896523 a prime number?
True
Is 1249564843 a composite number?
True
Is 1272233861 prime?
False
Is 47829623969 composite?
False
Is 66414107 prime?
False
Is 48603735989 a composite number?
True
Is 450422443 a composite number?
False
Is 13077530119 a composite number?
False
Is 1068815701 composite?
False
Is 12721032637 composite?
False
Is 285702354517 a composite number?
True
Is 4701501403 composite?
True
Is 4111761847 a prime number?
True
Is 22609749439 composite?
True
Is 5970217899 a composite number?
True
Is 351544643 prime?
False
Is 181113217 composite?
False
Is 104449690177 prime?
False
Is 9068323 prime?
False
Is 6930968743 a composite number?
False
Is 1547139463 prime?
False
Is 4197747667 a prime number?
True
Is 7303087411 a composite number?
False
Is 24042228311 a prime number?
True
Is 45268184861 prime?
True
Is 97744066861 a prime number?
False
Is 16414779697 composite?
False
Is 15172637791 a composite number?
False
Is 12961197229 prime?
True
Is 37794740261 composite?
False
Is 82107408655 prime?
False
Is 47182249 composite?
False
Is 271646699 a composite number?
True
Is 3369689507 a prime number?
False
Is 6090915071 composite?
True
Is 110810899 a composite number?
True
Is 1669523473 a prime number?
True
Is 56358263617 a prime number?
False
Is 7703950831 a prime number?
True
Is 50769389469 a composite number?
True
Is 12032667223 prime?
True
Is 1764189583 prime?
False
Is 84925801849 a prime number?
False
Is 7579130563 a composite number?
True
Is 19101367 a composite number?
True
Is 4798344179 prime?
False
Is 1406022221 a prime number?
True
Is 535895897831 composite?
True
Is 5018992007 a prime number?
False
Is 71602093 prime?
False
Is 53412714437 a prime number?
True
Is 11592911303 a composite number?
True
Is 2766124063 a prime number?
False
Is 41139291371 a prime number?
False
Is 114616224361 a prime number?
True
Is 44704877351 a composite number?
True
Is 5864360189 a composite number?
False
Is 38447932009 prime?
True
Is 20510890391 composite?
True
Is 62253589 a composite number?
True
Is 4259368031 prime?
False
Is 1223807261 a prime number?
False
Is 16913300077 a prime number?
False
Is 21216127697 a composite number?
False
Is 48405113 prime?
True
Is 151898687 a prime number?
True
Is 803062739 composite?
False
Is 847515437 prime?
True
Is 97889182327 prime?
True
Is 35921172379 composite?
True
Is 1665411653 composite?
False
Is 4097366747 a composite number?
False
Is 16967798293 prime?
False
Is 1414982927 prime?
False
Is 38471750549 a prime number?
False
Is 79974776949 a prime number?
False
Is 206566489 prime?
True
Is 14405415937 a composite number?
True
Is 4120186901 composite?
False
Is 9884629493 a composite number?
False
Is 709717157 a composite number?
False
Is 25684228349 a composite number?
True
Is 1118854147 composite?
True
Is 16105318 a prime number?
False
Is 154039745491 prime?
True
Is 1570324829 a composite number?
False
Is 354241951 a composite number?
True
Is 725493661 prime?
True
Is 2689289497 a composite number?
False
Is 1818125399 composite?
True
Is 1088057629 a prime number?
False
Is 28508164313 a composite number?
True
Is 2575337923 composite?
True
Is 294154037 a composite number?
False
Is 1336772477 composite?
False
Is 1079793145 a composite number?
True
Is 7010788441 prime?
True
Is 710976421 prime?
True
Is 13748727233 prime?
True
I